True
Is 1257739 a multiple of 6?
False
Does 61 divide 594620?
False
Is 5 a factor of 8422219?
False
Is 12 a factor of 4529628?
True
Is 35625 a multiple of 625?
True
Is 179220 a multiple of 145?
True
Is 90 a factor of 3153151?
False
Does 483 divide 1880319?
True
Is 30501 a multiple of 3?
True
Is 1508992 a multiple of 15?
False
Is 345 a factor of 5082195?
True
Is 3965464 a multiple of 652?
True
Is 3635100 a multiple of 420?
True
Is 471493 a multiple of 11?
True
Is 523 a factor of 4796956?
True
Is 34 a factor of 102088?
False
Is 23 a factor of 392219?
True
Does 177 divide 9653990?
False
Is 1140 a factor of 3735824?
False
Does 63 divide 245517?
False
Does 12 divide 287470?
False
Does 9 divide 951760?
False
Is 131866 a multiple of 12?
False
Is 25628 a multiple of 172?
True
Is 82991 a multiple of 10?
False
Is 22334284 a multiple of 35?
False
Is 19 a factor of 688294?
True
Does 500 divide 1258000?
True
Is 3 a factor of 45706?
False
Is 201 a factor of 156780?
True
Is 4667425 a multiple of 175?
True
Is 414678 a multiple of 206?
True
Does 108 divide 36936?
True
Does 6 divide 3431?
False
Is 696960 a multiple of 60?
True
Is 81916 a multiple of 3?
False
Is 181 a factor of 778592?
False
Does 8 divide 14682922?
False
Does 158 divide 320890?
False
Is 23577 a multiple of 13?
False
Is 19 a factor of 283800?
False
Does 463 divide 16811922?
False
Is 110171 a multiple of 131?
True
Is 218993 a multiple of 15?
False
Is 154698 a multiple of 4?
False
Is 83987 a multiple of 2?
False
Is 126 a factor of 959417?
False
Is 493973 a multiple of 78?
False
Does 12 divide 118524?
True
Is 4940 a multiple of 19?
True
Is 144149 a multiple of 8?
False
Is 173240 a multiple of 5?
True
Does 16 divide 729319?
False
Is 3552696 a multiple of 36?
True
Does 6 divide 273144?
True
Does 139 divide 12950630?
True
Does 5 divide 282575?
True
Is 92224 a multiple of 44?
True
Does 54 divide 5947533?
False
Does 4 divide 174688?
True
Is 15 a factor of 153725?
False
Is 7 a factor of 1070102?
False
Is 6516576 a multiple of 96?
True
Does 21 divide 249123?
True
Does 229 divide 3513530?
False
Is 499610 a multiple of 25?
False
Is 96 a factor of 18802272?
True
Does 67 divide 2601578?
False
Does 105 divide 72345?
True
Does 112 divide 714560?
True
Is 12 a factor of 11148992?
False
Does 86 divide 38905?
False
Is 6 a factor of 2971166?
False
Is 59680 a multiple of 160?
True
Is 54648 a multiple of 552?
True
Does 3 divide 88718?
False
Is 41 a factor of 68185?
False
Is 142 a factor of 217199?
False
Is 9 a factor of 296537?
False
Is 148468 a multiple of 3?
False
Is 1038 a multiple of 106?
False
Is 10579640 a multiple of 46?
False
Does 182 divide 538302?
False
Is 17182547 a multiple of 53?
True
Is 3 a factor of 17439?
True
Is 6890 a multiple of 10?
True
Is 676512 a multiple of 96?
True
Is 455 a factor of 262839?
False
Is 257606 a multiple of 9?
False
Does 366 divide 2647644?
True
Does 996 divide 1847646?
False
Is 448 a factor of 996767?
False
Does 71 divide 1152046?
True
Is 70 a factor of 579250?
True
Does 7 divide 772198?
True
Does 17 divide 6813277?
True
Does 19 divide 57161?
False
Is 88 a factor of 926992?
True
Is 2497638 a multiple of 246?
True
Does 71 divide 360796?
False
Is 226 a factor of 57856?
True
Is 136 a factor of 178452?
False
Is 11 a factor of 3723395?
False
Does 19 divide 320892?
False
Does 68 divide 925546?
False
Is 2 a factor of 27083?
False
Does 59 divide 1027734?
False
Is 76 a factor of 76441?
False
Is 78 a factor of 138347?
False
Is 3191511 a multiple of 49?
False
Does 620 divide 5686375?
False
Is 771948 a multiple of 2?
True
Does 51 divide 287582?
False
Is 683 a factor of 7415877?
False
Is 41 a factor of 138908?
True
Is 2163725 a multiple of 25?
True
Is 151 a factor of 161613?
False
Does 4 divide 8977?
False
Does 20 divide 1913080?
True
Does 14 divide 411773?
False
Is 4 a factor of 73620?
True
Is 23905 a multiple of 800?
False
Is 24 a factor of 46056?
True
Is 2236999 a multiple of 78?
False
Does 3 divide 28479?
True
Does 21 divide 722610?
True
Does 15 divide 748155?
True
Does 6 divide 30606?
True
Is 766390 a multiple of 253?
False
Does 26 divide 155844?
True
Is 299 a factor of 7173181?
False
Is 402616 a multiple of 36?
False
Does 123 divide 1019916?
True
Does 37 divide 243583?
False
Is 21369654 a multiple of 1002?
True
Is 8469760 a multiple of 256?
True
Does 10 divide 86060?
True
Is 468 a factor of 2727036?
True
Is 18 a factor of 341128?
False
Is 22528 a multiple of 22?
True
Is 821 a multiple of 15?
False
Is 4224560 a multiple of 3?
False
Does 20 divide 2162180?
True
Is 14 a factor of 242256?
True
Is 42 a factor of 2226?
True
Does 475 divide 2186512?
False
Does 131 divide 239206?
True
Is 7784 even?
True
Is 34 a factor of 25828814?
True
Is 16 a factor of 579530?
False
Is 7 a factor of 2463?
False
Is 357 a factor of 223482?
True
Is 1909659 a multiple of 34?
False
Does 36 divide 6578?
False
Is 73 a factor of 17372074?
False
Is 815999 a multiple of 131?
True
Does 35 divide 1036537?
False
Is 1076888 a multiple of 22?
False
Is 74 a factor of 458110?
False
Is 27 a factor of 88587?
True
Is 12 a factor of 115108?
False
Is 1589 a factor of 8177337?
False
Does 10 divide 1252281?
False
Is 127156 a multiple of 174?
False
Does 159 divide 260442?
True
Does 58 divide 1717960?
True
Is 101 a factor of 681323?
False
Is 19681 a multiple of 19?
False
Does 78 divide 4341438?
False
Does 34 divide 285791?
False
Is 2887637 a multiple of 180?
False
Is 19 a factor of 1043138?
True
Is 1319563 a multiple of 31?
False
Is 40 a factor of 3515?
False
Is 9864393 a multiple of 864?
False
Does 13 divide 731223?
False
Is 164 a factor of 134644?
True
Is 1322433 a multiple of 25?
False
Is 17 a factor of 10999?
True
Does 384 divide 4889122?
False
Does 99 divide 187902?
True
Does 2 divide 25979?
False
Is 563112 a multiple of 237?
True
Is 11 a factor of 304954?
False
Does 7 divide 8193857?
True
Does 29 divide 1282376?
False
Is 101803 a multiple of 23?
False
Is 2 a factor of 13400?
True
Does 225 divide 440467?
False
Is 120 a factor of 2096640?
True
Is 220979 a multiple of 501?
False
Does 96 divide 2421600?
True
Does 281 divide 299905?
False
Is 498 a factor of 1174788?
False
Does 2 divide 4973?
False
Is 512 a factor of 170496?
True
Is 8 a factor of 128074?
False
Is 2242597 a multiple of 49?
False
Is 41 a factor of 372322?
False
Does 360 divide 8140889?
False
Is 56632 a multiple of 369?
False
Does 9 divide 146408?
False
Is 286304 a multiple of 246?
False
Does 29 divide 9853907?
False
Is 2975596 a multiple of 144?
False
Does 291 divide 123071?
False
Is 48 a factor of 17472?
True
Is 5203610 a multiple of 231?
False
Does 260 divide 607100?
True
Is 15 a factor of 40750185?
True
Is 4 a factor of 303268?
True
Does 425 divide 212578?
False
Is 200925 a multiple of 7?
False
Does 343 divide 470939?
True
Is 160 a factor of 213440?
True
Is 95680 a multiple of 10?
True
Is 84 a factor of 267540?
True
Is 220283 a multiple of 111?
False
Is 88 a factor of 671704?
True
Is 112395 a multiple of 177?
True
Does 78 divide 125034?
True
Does 18 divide 278499?
False
Is 1862393 a multiple of 131?
False
Is 1258514 a multiple of 251?
True
Does 931 divide 1654668?
False
Does 69 divide 21029682?
True
Does 51 divide 117825?
False
Is 28240 a multiple of 5?
True
Is 1122 a factor of 2058705?
False
Is 22661256 a multiple of 122?
True
Is 18591 even?
False
Does 616 divide 31416?
True
Is 38 a factor of 105655?
False
Is 301 a factor of 32809?
True
Is 168579 a multiple of 236?
False
Is 4 a factor of 4037662?
False
Is 220552 a multiple of 107?
False
Does 55 divide 234850?
True
Is 15 a factor of 4710898?
False
Is 295467 a multiple of 203?
False
Is 67 a factor of 34851562?
False
Is 48 a factor of 712560?
True
Is 203 a factor of 1690584?
True
Does 3 divide 1504123?
False
Does 159 divide 499578?
True
Is 11472750 a multiple of 18?
True
Does 35 divide 1358770?
True
Is 172592 a multiple of 11?
False
Does 8 divide 1803263?
False
Is 30 a factor of 48240?
True
Does 17 divide 93113?
False
Is 10 a factor of 1370660?
True
Is 2728455 a multiple of 15?
True
Is 183711 a multiple of 11?
True
Is 7150764 a multiple of 747?
False
Is 103912 a multiple of 419?
True
Is 30 a factor of 4750210?
False
Is 104 a factor of 8329?
False
Is 44863 a multiple of 194?
False
Is 742 a factor of 1444438?
False
Is